(2/110). Let m = -11 + i. What is the tens digit of m?
1
Suppose a - 12 - 31 = 0. What is the tens digit of a?
4
Suppose -4*x = -0*x - 8. Suppose -13 = x*u - 57. What is the units digit of u?
2
Suppose 66 - 21 = 3*c. What is the units digit of c?
5
Suppose -3*x + 0*x = 27. Let j be 3/x - (-16)/3. Suppose 5*s = j*y - 59 + 9, -3*s = -2*y + 22. What is the units digit of y?
8
Let l be (-7)/((-28)/8) - -1. Suppose -2*k - 17 = -5*f, l*f + 2*k = 2*f + 1. What is the units digit of f?
3
Let f = -156 + 234. What is the tens digit of f?
7
Let n(i) = -i**3 + i + 17. Let q be (-2)/4 + (-1)/(-2). Let w be n(q). What is the units digit of w/2 + (-4)/8?
8
Let k(s) = -s**3 - 5*s**2 - 2*s + 7. Let z be k(-5). Suppose -5*y + 3 = -z. What is the units digit of ((-6)/y - -1)*-8?
4
Let l(w) = 6*w - 35. What is the units digit of l(8)?
3
What is the units digit of ((-72)/(-10))/((-30)/(-200))?
8
Let f = 55 - 25. What is the units digit of f?
0
Let o = -1 + 2. Let g = o - 0. What is the units digit of ((-2)/(-4))/(g/2)?
1
Let a be (-2 - 0)*39/(-2). Suppose -17 + a = 2*z. What is the tens digit of z?
1
Suppose -3 = -2*z - 7. Let r be 17/(-3) + z/(-3). Let j(b) = b + 6. What is the units digit of j(r)?
1
Let t be (1 - 3)/((-1)/2). Suppose 37 = -t*f + 101. What is the units digit of f?
6
Let d(h) = -h**3 - h**2 + 2. Let l be d(0). Suppose 2*q + 3 = t + 33, -2*t + 24 = l*q. What is the tens digit of q?
1
Let u(b) = b - 6. Let n be u(8). Suppose -2*l - 6 + 30 = n*r, 0 = 5*r - 4*l - 87. Let x = r + -8. What is the units digit of x?
7
What is the units digit of 736/72 - (-2)/(-9)?
0
Let u(l) be the third derivative of l**4/6 - 5*l**3/6 + 2*l**2. Let b be u(6). Suppose -5 = -3*p + b. What is the units digit of p?
8
Let g = 81 - 36. What is the tens digit of g?
4
Let w(o) = o**3 + o - 1. Let g be w(-2). Let m = g - -23. What is the tens digit of m?
1
What is the hundreds digit of (-8)/12*(-2 - 1) + 281?
2
Let f(a) = -4*a - 2*a + 5*a + 8. Let s be f(6). Suppose h = 3*z - 15, -s*z - 3*h - 1 = -0*h. What is the units digit of z?
4
Let v = 131 + -91. What is the units digit of v?
0
Let c(f) = f**2 + f - 1. Let t(n) = -4*n**2 - 12*n + 7. Let b(h) = 5*c(h) + t(h). Let v be b(6). What is the units digit of (-54)/(-3)*(-2)/v?
9
Suppose -p - 110 = -3*y, -39 = -3*y + 5*p + 91. What is the units digit of y?
5
Let o(v) = -35*v + 3. Let a be o(-5). Suppose 5*j + d - a = 0, -j + d + 22 = -10. Let s = j - 21. What is the units digit of s?
4
Suppose 2*g + 4*y + 178 = 5*g, -y = g - 64. What is the units digit of g?
2
Let o = 1 - -39. Suppose -4*c + o = c. What is the units digit of c?
8
Suppose 0 = 5*y + 2 - 27. Suppose 0 = y*c - 11 - 4, -4*c - 168 = -5*g. What is the units digit of g?
6
Suppose 6*b - b = 0. Let r(n) = 2*n + 5. Let u be r(-8). Let q = b - u. What is the units digit of q?
1
What is the units digit of -2 + 2 + (-291)/(1 - 4)?
7
Let p be (-1)/3 + 196/12. Suppose -3*l + 4*k - 3 - p = 0, l + 2*k = -3. Let y = l - -12. What is the units digit of y?
7
Let p(o) = 7*o + 2. Suppose 4*l + 4*y + 1 = 41, -l - 2*y + 10 = 0. Let a(t) = 15*t + 5. Let v(u) = l*p(u) - 4*a(u). What is the units digit of v(1)?
0
Suppose 2*b + 6 = 8. Let d(c) = 14*c**3 + c**2 + 4 - 3 - 6*c**3 - 2*c + 0*c. What is the units digit of d(b)?
8
Let q = -256 + 416. What is the tens digit of q?
6
Let i be 3/2*(-12)/(-9). Suppose -b + 2*t + 1 = 0, -3*b + 3*t - i + 20 = 0. What is the units digit of b?
1
Suppose -2*i + 20 + 2 = 0. Let h = -25 + i. Let f = 23 + h. What is the units digit of f?
9
Let m = -17 + 37. What is the units digit of m?
0
Let n(r) = r**2 + 6*r - 6. Let h be n(-8). What is the units digit of 416/h + (-4)/(-10)?
2
Let q(d) = d + 5. Let f be q(-6). Let z be (-8)/(-6)*f*3. Let m(i) = -i**2 - 5*i + 3. What is the units digit of m(z)?
7
Let j = 9 + -5. Suppose -5*w + 5*t + 15 = 0, 2 = -j*t + 5*t. What is the units digit of w?
5
Let t(n) = 2*n - 2. Let z be 3 - (2/2 - 0). Let s be t(z). What is the units digit of 2 - (s + 21/(-3))?
7
Let b = 23 + -16. What is the units digit of b?
7
Suppose -5*p + 1541 = -144. What is the tens digit of p?
3
Let y be 1*5 + -3 + 1. Let t = -1 + y. Suppose -3*i = -q - 25, -t*i + 0*i = -4*q. What is the tens digit of i?
1
Let d = 11 - 1. Let z be 14/35 + 46/d. Let g = 1 + z. What is the units digit of g?
6
Let i(o) = o + 25. What is the tens digit of i(-13)?
1
Suppose -4*n + 12 = 0, -5*m + n = -4*m - 1. Suppose 6*a + o = 2*a + 186, -m*a + 2*o = -180. What is the units digit of a?
6
Suppose 0 = 73*g - 77*g + 64. What is the units digit of g?
6
Let t(n) = -n**2 + 6*n + 6. Let k be t(7). Let o = 5 - k. Suppose -p - 3 = -o. What is the units digit of p?
3
Let g(a) = a**3 + 7*a**2 + 4*a - 8. Let h(v) = v**3 + 6*v**2 - 6*v + 1. Let s be h(-7). Let y be g(s). Suppose -32 + y = -4*q. What is the units digit of q?
7
Let t(y) = -4*y + 12. What is the units digit of t(-8)?
4
Let s(z) = z**3 - 4*z**2 + 4*z. Let d = 2 + 1. What is the units digit of s(d)?
3
Let i(f) = 2*f - 2. What is the units digit of i(5)?
8
Let m be (-2 - 39)*(1 + 0). Let c = -29 - m. What is the units digit of c?
2
Let g(m) = -3*m - 8. What is the units digit of g(-19)?
9
Let x be 2/(1 + (-3)/5). Suppose -6 = -x*f + 4. What is the units digit of f?
2
What is the hundreds digit of (-2 + (-56)/8)*(-58)/3?
1
What is the units digit of (1 + 1)*26*(-9)/(-12)?
9
Let i(l) = 10*l - l**3 + 24 - 27*l**2 + 18*l**2 - 11. What is the units digit of i(-10)?
3
Let k(n) = 2*n**2 - 6*n + 1. Let h be k(-4). Let a be -32*1 + 2/1. What is the units digit of (-2)/(-2 - h/a)?
0
Let y = 138 + -64. What is the units digit of y?
4
Let n = 533 - 363. Suppose -4*o = o - n. What is the units digit of o?
4
Let a = -66 - -117. Suppose 4*d - a = d. What is the tens digit of d?
1
Let x(v) = -v**3 - 4*v**2 + v - 2. Let c be x(-5). Suppose 3*y - y = c. What is the units digit of y?
9
Let h(f) = f**2 + f + 3. Suppose 5*r = -15 - 0. What is the units digit of h(r)?
9
What is the units digit of (-216)/48*(-364)/6?
3
Let y be (14/(-8))/(1/(-80)). Suppose -5*m + 7*o - 2*o = -y, 2 = o. What is the units digit of m?
0
Suppose 6 = 2*c - c. Let y = -10 + 7. What is the units digit of y*1/c*-2?
1
Let c = -101 + 68. Let w = 46 + c. What is the tens digit of w?
1
Let r(a) = a**3 + 9*a**2 - 2*a - 9. Let d(x) = x**2 + 8*x + 6. Let n be d(-5). Let k be r(n). Suppose 24 = 3*c - k. What is the tens digit of c?
1
Suppose 3*v + 41 = -757. What is the units digit of (v/(-35))/(1/5)?
8
Let q be (-304)/(-14) - 12/(-42). Suppose i = 2*z - 26, q = z - 3*i - 2*i. What is the units digit of 6/z*(0 + 30)?
5
Let t(s) = 4*s + 1. Let w be t(1). Let c(b) = w*b**2 - 3*b**3 - 3*b**3 - b - 4 + 3*b**3 + 2*b**3. What is the tens digit of c(3)?
1
Suppose -2 = 2*i - 0. What is the units digit of i/((-2)/(-36)*-2)?
9
Suppose -1 = 2*m + 1. Let u = 1 + m. Suppose 3*x - 36 = -2*a - 12, u = 4*x + 2*a - 30. What is the units digit of x?
6
Let x(p) = -7*p + 2. Let z be (0 - -3)*2/(-3). What is the tens digit of x(z)?
1
Suppose f - 2*f + 2 = 0. Let m be (f - (-1 + 2))*1. What is the units digit of (m - 2)*-1 - -4?
5
Suppose -2*g - 1 = -3*b - 9, -4*g + 16 = b. Suppose 75 = g*d - 3*m, -5*d + 91 = m - 2*m. What is the units digit of d?
8
Suppose -2*d + 388 + 80 = 0. What is the hundreds digit of d?
2
Suppose -4*y + 28 = 4*s, 5*y - 3*s = -9 + 60. Suppose 2*t = -4*p - 24, -5*p = -y + 34. What is the units digit of t/(-8) + (-6)/(-8)?
1
Let c = -29 + 44. Suppose -5 = 5*l - c. What is the units digit of l?
2
Suppose -r + 73 = 3*u - 63, 0 = -4*u + 2*r + 188. What is the tens digit of u?
4
Suppose -25*g + 24*g + 190 = 0. What is the units digit of g?
0
Let i(j) = 2*j + 11. Let c be i(-8). What is the units digit of 1/c - (-1792)/35?
1
Let y(q) be the second derivative of -q**4/12 + q**3 + 3*q**2 - 7*q. What is the units digit of y(5)?
1
Suppose 0 = d + 3*d - 432. Suppose -5*j - d = 27. Let i = 42 + j. What is the tens digit of i?
1
Let t(i) be the third derivative of -i**6/120 - i**5/12 - i**4/24 - i**3/3 + 4*i**2. Let u be t(-5). Suppose 45 + 21 = u*p. What is the units digit of p?
2
Suppose -2*t + 3 = t. Suppose -4*f + 6 = -3*l - t, 2*l = -2*f + 14. What is the units digit of l?
3
Suppose -2*m + 5 + 5 = 0, 0 = t + m - 35. What is the units digit of 42/t - 4/10?
1
Suppose 5*v + 4 = -3*m + 180, -2*v